6. Let n be (0 - 0)/(2 + -1). Suppose 2*j - 18 = -2*z, -2*j + 9 + 1 = n. Calculate the highest common factor of z and c.
4
Let u = -14625 + 14629. Calculate the greatest common factor of u and 11588.
4
Suppose -14*d = -9*d + 2*s - 24, -s - 27 = -4*d. Calculate the greatest common divisor of d and 2526.
6
Suppose 0 = 3*q + q - 16. Suppose -5*w = -6 - q. Suppose 2*r = -4*d, 4 - 3 = -d. What is the highest common factor of r and w?
2
Let n(u) = 2*u - 14. Let b = 27 - 20. Let x be n(b). Suppose -3*o - o + 92 = x. What is the greatest common factor of 46 and o?
23
Let r = 2576 - 2542. What is the highest common factor of 34 and r?
34
Let u = -11 + 15. Suppose -4*h - 3*m = -13, -h + 5*m - 4 = -13. What is the highest common divisor of u and h?
4
Let b(g) = g**2 + 9*g. Let q be b(-9). Suppose -4*f + 23 = -0*i + i, f - 5 = q. Let m be (-22)/i*(-78)/8*2. Calculate the highest common divisor of m and 13.
13
Let x be -24 + 19 - (-6 - -1). Let g be (5/5 - x) + 1. Suppose -58 = 2*t - 6*t + g*l, -3*t + 48 = 3*l. Calculate the highest common divisor of 3 and t.
3
Suppose -39 = -2*h + 3*n, 57*h + 2*n = 58*h - 17. Calculate the highest common divisor of h and 45.
9
Let a(q) = 29*q**2 - 41*q + 124. Let d be a(5). Calculate the highest common factor of 966 and d.
322
Let q = 124 + 294. Let j = 22208 - 22170. What is the highest common factor of j and q?
38
Let q be (0 + -3)/(-1)*6. Let y be 400/q - 12/54. Let s(u) = -16*u + 157. Let z be s(5). Calculate the highest common factor of y and z.
11
Let x(f) = 1224*f**2 - 2*f - 1. Let j be x(-1). Calculate the highest common divisor of 49 and j.
49
Let t = 255 - 239. Let q(y) = -21*y. Let f be q(-1). Let z be 2361/f + (-3)/7. Calculate the greatest common divisor of t and z.
16
Suppose -29*t - 4*w + 610 = -31*t, -5*t - 1555 = -4*w. Let j = t - -339. What is the highest common factor of j and 8?
8
Suppose -6*d + 348 = -2436. Let x = 532 - d. What is the greatest common factor of 119 and x?
17
Let m = -20 - -68. Let f be 3712/m - 4/(-6). Calculate the greatest common divisor of f and 104.
26
Let h(f) = 1328*f - 1268. Let t be h(4). What is the greatest common factor of 1 and t?
1
Let w be 9/((-324)/8) - (-362)/9. Let v(h) = 5*h**2 - 6*h - 127. Let a be v(-7). Calculate the greatest common factor of a and w.
40
Let y(j) be the second derivative of 3*j**5/10 + j**3/2 - 11*j**2/2 + 202*j. Let u be y(3). What is the greatest common divisor of u and 10?
10
Suppose -40 + 24 = 4*a. Let z be 203/(-29)*((-2)/2 - a). Let i be (z + -1)*25/(-50). Calculate the highest common divisor of 11 and i.
11
Suppose 3*s = -36*m + 34*m + 14, -4*m + 44 = 2*s. What is the highest common divisor of 7 and m?
1
Let q be (-230)/(-8) + (-12)/(-48) - -3. Let f(w) = w**2 + 29*w - 2. Let x be f(6). Calculate the greatest common divisor of x and q.
16
Let b be (0 + 55/10)*4756/58. Suppose 4*q - 266 = 62. Let c be (-1)/4*q*-2. What is the highest common factor of c and b?
41
Suppose -3*p - 2*g + 1342 = 0, 119*p - 117*p - g - 883 = 0. Calculate the greatest common divisor of p and 5994.
222
Suppose 0 = 13*i - 2193 - 3423. Let k(c) = -c**3 + 3*c + 48. Let a be k(0). Calculate the greatest common divisor of a and i.
48
Suppose 37*r = 15*r + 3740. Let o be ((-2)/(-9)*3)/(12/18). Let l be -4 + (o - (-142)/2). What is the greatest common factor of r and l?
34
Let h be 0 + 187 + (-738)/(-82). Calculate the highest common divisor of 2450 and h.
98
Let z be 0/(0 - -1) + 11. Let i(q) = 4*q**3 - 7*q**2 + 13*q + 3. Let t be (24 - 22)/(1 + 0 - 0). Let w be i(t). Calculate the greatest common factor of w and z.
11
Suppose -6*h + 3*h + 15 = 0. Let l(q) = q**3 - 16*q**2 + 70*q - 19. Let i be l(12). What is the highest common factor of i and h?
5
Let l be (1900 - -1 - (-70 + 61))*(-1)/(-2). Calculate the highest common factor of l and 50.
5
Let o(w) = -35*w - 44*w + 2*w**2 + 38*w + 14. Let j be o(22). Calculate the highest common divisor of 16 and j.
16
Let c(g) = g**3 + 22*g**2 - 23*g + 1. Let u be c(-23). Suppose q + 1 = -0*q. Let i be (66 - u)/(q - 4/(-2)). What is the highest common divisor of i and 13?
13
Let n(j) = 13*j + 1. Let q be n(1). Let w be 12 + 25/(-5) + 19. Suppose 0 = 10*r + w*r - 504. What is the highest common divisor of r and q?
14
Let f = -494 + 215. Let m = -239 - f. Calculate the greatest common factor of m and 360.
40
Suppose -5*z = -7*z - 8, -5*z = -w + 48. Calculate the greatest common divisor of 3556 and w.
28
Let c = -8 - -19. Let p = 26248 - 26105. Calculate the highest common divisor of c and p.
11
Let w = -58387 - -107562. Calculate the highest common divisor of 175 and w.
175
Let y be 6/27 - 548/36. Let g be (y - -21)*((-1)/(-2))/1. Suppose 4*q + v - g*v = 110, 142 = 5*q + 2*v. Calculate the greatest common factor of 7 and q.
7
Let t = 287 - 231. Suppose s + 0*s - 8 = 0. What is the highest common divisor of t and s?
8
Let g = -409 - -413. Suppose 4 = f + 2*c, 62 = 5*f - 8*c + g*c. What is the highest common factor of f and 110?
10
Suppose 0 = -5*u + 10, 23*y = 24*y + 2*u - 589. Calculate the greatest common divisor of 540 and y.
45
Let t be (23 + -27)*1/(-4) + (2 - -17). Calculate the highest common divisor of t and 740.
20
Let j = -4368 - -4372. Calculate the highest common factor of j and 1186.
2
Let n = 14225 + -14211. Calculate the greatest common factor of 40558 and n.
14
Suppose 3*b - 4 = d, 1 = 4*d + 4*b + b. Let j be (d - (-668)/8)/(5/10). Calculate the greatest common factor of 45 and j.
15
Let y be -3 - (3 - (-22)/1). Let x be y/((1 - 0)*-1). Let j(n) = n**2 + 2*n - 20. Let z be j(-6). What is the greatest common divisor of z and x?
4
Suppose -104 = -10*d + 2*d. Let r(k) = -k**2 + 11*k + 59. Let v be r(d). What is the highest common factor of v and 88?
11
Let g be 8/14 - 1982/14. Let d = -135 - g. What is the highest common factor of d and 2?
2
Suppose 0 = 5*b - 15 - 20. Suppose 2*p = -k + b*p + 459, -5*k - p + 2425 = 0. Calculate the highest common divisor of k and 44.
44
Let g(w) be the second derivative of w**5/20 - w**4/2 - 41*w**3/6 + 16*w**2 + 8*w - 2. Let z be g(10). Calculate the greatest common divisor of 33 and z.
11
Suppose 4*k - 478 = -5*g, 0*k - 376 = -4*g - 4*k. What is the highest common divisor of g and 132?
6
Let s(n) = -6*n + 2. Let w be s(5). Suppose -13*c + 131 + 311 = 0. Let b = c + w. Calculate the greatest common divisor of b and 42.
6
Suppose 2*t = 3*a - 15, -3*a - 6 + 21 = -3*t. Suppose t = -23*f + 22*f + 11. Let b = f - 4. What is the highest common divisor of 63 and b?
7
Suppose -28*l + 45*l = -75*l + 736. Let u = 677 + -109. Calculate the greatest common factor of u and l.
8
Let j be 186/(-248) - (-1726)/8. Calculate the highest common factor of 255 and j.
5
Suppose 157*k + 156*k = 1009425. What is the highest common divisor of k and 4085?
215
Let m(p) = -8*p**2 + 33*p + 104. Let s be m(6). Calculate the greatest common factor of s and 365.
1
Let l = -431 + 558. Suppose -22*s + 545 = l. What is the greatest common divisor of s and 152?
19
Let g = 7 - -14. Let z be (-2 + (24/(-28))/((-5)/175))*3. What is the greatest common factor of g and z?
21
Suppose 191*s - 27910 = 109*s - 8968. Calculate the greatest common divisor of 253 and s.
11
Suppose 0 = -13*l + 21*l - 96. Suppose -l*u - 218 = -4*t - 7*u, 2*u - 61 = -t. Suppose -114 = -4*b + 38. What is the greatest common divisor of t and b?
19
Let c be 127/3 - (-18)/27. Let s be (c/172)/((-1)/(-12)). Calculate the greatest common divisor of s and 57.
3
Let b be (-61)/((-5120)/464 + 11). What is the greatest common divisor of b and 232?
29
Suppose 3*a + a + 412 = 0. Let z = a - -112. Let u(f) = 3*f**2 - 5*f - 1. Let q be u(4). What is the highest common factor of q and z?
9
Let w be (-7315)/(-7) + -2 - (-11 - -20). Let l be (10/6 - 1)*33. Calculate the greatest common divisor of w and l.
22
Let o(w) be the first derivative of w**3 - 9*w**2 + 9*w - 68. Let b be o(12). What is the greatest common divisor of b and 25?
25
Suppose -45 = -4*k + 195. Let q(p) = -569*p + 3674. Let j be q(6). What is the highest common divisor of k and j?
20
Suppose 0 = 30*g - 4*g - 130. Suppose -4*f = -5*n - 713, f = -g*n + n + 194. What is the greatest common divisor of f and 13?
13
Let w be (-2854)/(-4)*4 - -2. Let i be (-4)/(-10) - w/(-10). Suppose -139 = -4*c + 5*r, 4*c + 